 common factor of 2170475 and 1275?
425
What is the greatest common factor of 124 and 60838182?
62
What is the greatest common divisor of 64636609 and 1241?
73
What is the greatest common divisor of 429 and 285280138?
143
Calculate the highest common divisor of 508364 and 4484.
76
Calculate the highest common divisor of 512284 and 5162.
178
Calculate the greatest common divisor of 1029 and 1044477.
21
Calculate the greatest common factor of 1164 and 902836812.
1164
Calculate the greatest common divisor of 19524 and 1158510231.
4881
Calculate the greatest common divisor of 2679971 and 78176.
2443
Calculate the greatest common divisor of 11625 and 527310.
465
What is the highest common divisor of 403102747 and 181?
181
What is the highest common factor of 45085973 and 86?
43
Calculate the greatest common divisor of 1765 and 342520842.
353
Calculate the greatest common factor of 389288 and 64.
8
What is the greatest common factor of 3274 and 32830035?
1637
Calculate the greatest common divisor of 22400025 and 75.
75
Calculate the highest common divisor of 439040 and 18970.
70
Calculate the highest common factor of 5219 and 1193309.
307
Calculate the greatest common factor of 958863 and 1957387.
2333
What is the highest common factor of 7524 and 3283884?
684
Calculate the highest common divisor of 21979703 and 61.
61
What is the greatest common factor of 910166 and 8?
2
What is the greatest common factor of 15544 and 596888?
8
Calculate the greatest common divisor of 490501 and 698621.
473
Calculate the highest common factor of 431586 and 936.
18
Calculate the highest common divisor of 335 and 33683245.
335
What is the greatest common divisor of 1099890789 and 8166?
4083
Calculate the highest common factor of 272510006 and 258.
86
What is the greatest common factor of 10978332 and 3?
3
What is the highest common divisor of 25656808 and 32?
8
Calculate the greatest common factor of 5606 and 24265571.
2803
Calculate the highest common factor of 22583898 and 24.
6
Calculate the greatest common divisor of 14213 and 4026007.
233
Calculate the greatest common divisor of 2274 and 19553368.
758
What is the greatest common factor of 20 and 12927030?
10
What is the highest common divisor of 814 and 2738592?
74
Calculate the greatest common divisor of 129 and 7138896.
3
Calculate the greatest common divisor of 20264 and 10489.
17
What is the highest common factor of 688 and 69164?
4
What is the greatest common divisor of 1623130 and 4793700?
8410
Calculate the highest common factor of 124041 and 499797.
519
What is the highest common divisor of 6704 and 54608?
16
Calculate the highest common divisor of 35152 and 400455978.
4394
Calculate the highest common divisor of 839261766 and 105.
21
What is the highest common factor of 67 and 8739413?
67
Calculate the greatest common divisor of 608 and 57650446.
38
What is the highest common divisor of 24715470 and 260?
130
What is the highest common factor of 136 and 23146078?
34
Calculate the greatest common divisor of 560 and 10217375.
35
Calculate the highest common factor of 17612 and 20188.
28
What is the greatest common divisor of 8511921 and 2159?
127
Calculate the highest common divisor of 74 and 49907154.
74
What is the greatest common factor of 564264 and 461?
461
What is the greatest common factor of 428 and 1416203636?
428
What is the greatest common divisor of 105 and 591728430?
15
Calculate the greatest common factor of 54010 and 6429154.
982
Calculate the greatest common factor of 1740279174 and 894.
894
What is the highest common factor of 66410 and 89768?
458
Calculate the greatest common factor of 62490792 and 8680.
1736
What is the highest common divisor of 1316 and 8784629?
329
What is the highest common divisor of 7190 and 21610?
10
What is the greatest common divisor of 4369 and 133739?
17
Calculate the highest common divisor of 1573 and 4898927.
121
What is the highest common factor of 59058 and 2516334?
1158
What is the greatest common divisor of 37 and 3726011?
37
Calculate the highest common divisor of 8687 and 976.
1
Calculate the highest common factor of 830172 and 2202.
6
Calculate the highest common factor of 44055 and 130185.
495
Calculate the highest common divisor of 274 and 25681883.
137
What is the greatest common divisor of 1574072 and 2132?
164
What is the greatest common factor of 122973697 and 631?
631
What is the highest common factor of 27459872 and 3872?
352
What is the highest common divisor of 108088968 and 936?
312
What is the greatest common factor of 514830714 and 1605?
321
Calculate the greatest common factor of 406 and 39411638.
406
What is the greatest common factor of 290 and 30035300?
290
What is the greatest common factor of 1124306895 and 3855?
3855
What is the greatest common divisor of 77177926 and 1226?
1226
What is the highest common divisor of 20 and 533441410?
10
Calculate the greatest common divisor of 1364688 and 39.
39
Calculate the greatest common divisor of 315018 and 7482.
258
What is the highest common divisor of 34884840 and 36?
12
What is the greatest common factor of 853881 and 1157415?
1533
What is the greatest common factor of 360 and 44384480?
40
What is the highest common divisor of 3247776 and 112?
112
What is the highest common factor of 30 and 5380710?
30
What is the greatest common factor of 36 and 7918722?
18
What is the highest common divisor of 213 and 84341184?
213
Calculate the highest common divisor of 301312 and 1797279.
1177
What is the greatest common divisor of 214 and 4993690?
214
What is the highest common factor of 14534270 and 20?
10
Calculate the highest common divisor of 372664795 and 310.
155
What is the highest common factor of 84821 and 310543?
701
What is the highest common factor of 342 and 212951677?
19
Calculate the highest common divisor of 234 and 273966862.
26
Calculate the highest common divisor of 2979278 and 4566670.
2918
What is the highest common divisor of 161004942 and 21?
21
Calculate the greatest common divisor of 9825417 and 14.
7
Calculate the highest common divisor of 2278 and 25284661.
1139
What is the highest common divisor of 8008 and 387464?
616
Calculate the highest common divisor of 689088 and 9873339.
10767
Calculate the highest common factor of 219816 and 29584.
344
What is the highest common factor of 510 and 1968870?
30
Calculate the greatest common divisor of 1962 and 523232046.
1962
Calculate the greatest common divisor of 118 and 479355530.
118
Calculate the greatest common divisor of 7852550 and 950.
50
Calculate the highest common factor of 19971 and 1326738.
21
What is the highest common factor of 2596420 and 1572?
524
What is the greatest common factor of 1062898 and 24938?
674
What is the highest common factor of 1242318 and 1617?
231
Calculate the greatest common divisor of 169182 and 4498.
26
Calculate the highest common divisor of 15439443 and 3.
3
What is the greatest common divisor of 225389276 and 348?
116
Calculate the highest common factor of 368837443 and 1703.
1703
What is the highest common divisor of 3051388 and 8?
4
What is the greatest common divisor of 12345 and 63855?
15
What is the highest common divisor of 925591 and 153028?
571
Calculate the greatest common divisor of 6345 and 6011112.
141
What is the greatest common divisor of 63731222 and 5282?
278
Calculate the highest common divisor of 3881731785 and 615.
615
Calculate the highest common factor of 1223190 and 1521.
9
Calculate the highest common divisor of 17 and 19919954.
17
What is the highest common factor of 9024903 and 144?
9
Calculate the highest common divisor of 1003 and 167102809.
1003
Calculate the greatest common divisor of 138677 and 2475.
11
What is the highest common factor of 460 and 4137020?
20
What is the highest common factor of 320 and 2363225600?
320
What is the greatest common factor of 546516 and 222357?
2679
What is the greatest common factor of 888280 and 103880?
2120
Calculate the greatest common factor of 14436450 and 1827.
63
Calculate the highest common factor of 5430214 and 65638.
1774
Calculate the greatest common divisor of 8657 and 12479.
1
What is the highest common divisor of 4262497 and 33123?
61
Calculate the highest common factor of 2672020 and 500.
20
What is the highest 